ns digit of u?
5
Suppose -3*t + 1 = -l - 5, 0 = 3*l - 2*t + 32. Let c = 14 + l. Suppose 0 = -c*s + 3*a + 57, 4*s - 4*a = 56 + 64. What is the units digit of s?
3
Let z be 126/54 + (-1)/3. Suppose -m + z*m = -5*i + 343, -5*m - 121 = -2*i. What is the tens digit of i?
6
Suppose 10530 = -173*w + 183*w. What is the hundreds digit of w?
0
Let k(j) = 2*j**2 - 7*j + 44. What is the hundreds digit of k(11)?
2
Let w(f) = -7*f**3 - 5*f**2 + 40*f - 18. What is the hundreds digit of w(-8)?
9
Suppose h - 3*h - 4 = 0. Let j be h/6 - 562/(-3). Suppose -4*c - 107 = -3*p, -2*c + j = 3*p + 2*p. What is the units digit of p?
7
What is the units digit of (-650)/130*(-3)/5*631?
3
Suppose -a = g - 414, 0 = -a - 3*a + 3*g + 1691. What is the hundreds digit of a?
4
Let f(o) = -2*o + 3*o + 12 - 2*o + 0*o. What is the tens digit of f(-7)?
1
Let y be (-3)/12 - (4 + 484/(-16)). Suppose 21*l - y*l = -755. What is the units digit of l?
1
Suppose 7*c = -5*c + 48. Let k be (-110)/(-4)*(-4)/(-5). Suppose -6*y + c*y + k = 0. What is the units digit of y?
1
Suppose 2*r - 64 = -5*d - 12, 4*d = 2*r + 38. Let x(t) = t - 7. Let j be x(d). Suppose j*h - h - 46 = 0. What is the units digit of h?
3
Let f(p) = 335*p + 21. What is the thousands digit of f(6)?
2
Suppose 0 = -5*i - 595 + 2265. Let l = -238 + i. What is the tens digit of l?
9
Let f = -24 + 102. What is the tens digit of f?
7
Let z = 6 - 3. Let y be (-2)/(-4 + z + -1). Suppose 5*m + 0 = 3*f - 1, f = m + y. What is the units digit of f?
2
Let z(b) = b**3 + 18*b**2 + 14*b - 52. What is the hundreds digit of z(-16)?
2
Let z(l) = l**3 + 6*l**2 + 8*l + 4. Let g be z(-4). Let t(x) = -x**2 + 3*x**3 - 4*x**3 + 4*x + 4*x**2 + 4. What is the units digit of t(g)?
4
Suppose 0 = -8*p + 12*p - 4. What is the units digit of p?
1
Suppose -5*i = 152 - 4567. What is the hundreds digit of i?
8
Let k = 955 + -628. What is the hundreds digit of k?
3
Let r(f) = -70*f + 31. Let a be r(-7). Suppose -4*b - 5*s = -684, -4*b + a = 2*s - 163. What is the tens digit of b?
7
Let a = -10 + 10. Suppose 0*r - 5*r + p = 165, -5*r + 4*p - 165 = a. Let x = r + 106. What is the units digit of x?
3
Suppose 0*c - 2*c - 6 = 0. Let v be -2 - ((-5 - c) + 329). What is the tens digit of 2/4 - v/14?
2
Let v = 192 - -2235. What is the units digit of v?
7
What is the thousands digit of (-16610)/4*(-296)/185 + 4?
6
Let i(a) = -a + 3. Suppose -4*m + s - 15 + 2 = 0, -5*m = 4*s - 10. Let g be i(m). What is the tens digit of (-3)/2*(-7 - g)?
1
Let p be ((-48)/(-10))/((-210)/(-25) - 8). Suppose q - 3 - 3 = 0. What is the units digit of p/8*116/q?
9
What is the units digit of (-767)/((0 + 2 - -3) + -6)?
7
Let z = 42 - 28. What is the units digit of (z/4 - (-1)/(-2)) + 16?
9
Let a = 735 + 44. What is the tens digit of a?
7
Suppose -5*b + 1766 = -3259. What is the units digit of b?
5
Let v(q) = 2560*q**2 - 39*q + 38. What is the thousands digit of v(1)?
2
Suppose -3*c + 4366 = 5*o, -1310 = -4*c + 2*o + 4520. What is the tens digit of c?
5
Suppose 187 = 13*h - 138. Suppose 0 = 5*r - 5*t + 7*t - 1280, 0 = -5*t + h. What is the tens digit of r?
5
Suppose -21 = -5*l - 11. Suppose -14 = -u + l. What is the tens digit of u?
1
Suppose 53*d - 19822 = 36*d. What is the thousands digit of d?
1
What is the units digit of (98 - 3)*198/55?
2
Let k(b) = b + 3. Let p be k(6). Let v = -18 + p. What is the units digit of (-4 + (-33)/v)*-45?
5
Suppose 5*r - 2159 = -2*h + 236, 0 = 5*h + r - 5953. What is the tens digit of h?
9
Suppose -18*p + 5066 = -p. What is the tens digit of p?
9
Let z(u) be the third derivative of -u**5/60 - 5*u**4/6 - 14*u**3/3 - 6*u**2. What is the tens digit of z(-12)?
6
Suppose -9475 + 85 = -5*i. What is the units digit of i?
8
Let x = 97 - -6. What is the tens digit of x?
0
Let t = -409 - -639. What is the tens digit of t?
3
What is the units digit of (-31780)/(-105)*9/6?
4
Let t(z) = z**2 - 7*z - 5. Let c be t(10). Let s = c - -30. What is the units digit of s?
5
Let y(k) = k**2 - 7*k + 3. Let r(a) = a**2 - 8*a - 3. Let v be r(9). Let q be y(v). Let l(h) = -h**3 - 2*h**2 - 4*h - 2. What is the units digit of l(q)?
9
Let x = 698 - -1634. What is the thousands digit of x?
2
Suppose 148*f - 122*f - 102934 = 0. What is the thousands digit of f?
3
Let v = 152 + -40. Suppose 5*x = 2*m + 2*x - v, 0 = m + x - 51. What is the units digit of m?
3
Let a(l) = -l**3 - 4*l**2 + 4*l - 2. Let k be a(-5). Suppose -9 = -k*x + 12. What is the units digit of x?
7
Let x be 66/((-1)/4*-4). Suppose -3*w = -w - x. What is the tens digit of w?
3
Let o(b) = b + 16. Let z be o(-11). Suppose d - z*d + 288 = 0. What is the tens digit of d?
7
What is the hundreds digit of (4 - 2)/(33/22935)?
3
Let m be (-24)/10*(-10)/4. Suppose m*h - 3*h - 471 = 0. What is the units digit of h?
7
Suppose 13*z = 7*z + 18318. What is the hundreds digit of z?
0
Let j(t) = -t**3 + 8*t**2 - 13*t + 11. Let y be j(6). What is the units digit of y/15 + 1252/6?
9
Suppose 4*d + d - 15 = 0, 10 = 4*q + 2*d. Suppose 5*p - 4*u + 17 = 0, 16 = -p + 7*u - 2*u. What is the units digit of 1/(p - (q - 3))?
1
Let f be (-40*(-15)/(-6))/(-1). Suppose 0 = 3*u + 2*u - f. What is the tens digit of 390/u*4/6?
1
Let v = 8 - 5. Suppose -5 = 4*z - 5*k + 2, -v*k - 1 = -5*z. What is the tens digit of -90*3/(-12)*z?
4
Suppose -z = -3*p + 25, 5*p - 52 = z + z. Let r = 57 + z. What is the units digit of r?
6
Suppose 13 - 23 = -5*o. Suppose -q - 2*q = -5*t - 289, -o*t - 98 = -q. What is the units digit of q?
8
Let v(b) be the third derivative of -5*b**4/24 - 11*b**3/3 + 21*b**2. What is the units digit of v(-5)?
3
Suppose 5*y = p - 228, -3*y = 4*p + p - 1028. Suppose -4*v = 2*i - p, -i + 2*i - 90 = 5*v. What is the hundreds digit of i?
1
Suppose -q - 12 = -29. Let v(p) = 13*p**2 - p**3 + 4*p + 11*p + 26 - q. What is the units digit of v(14)?
3
Suppose 0 = 9*v - 37 - 4040. What is the units digit of v?
3
Let u(b) = 3*b**2 - 2*b - 2. Let d be u(-3). Let a = -27 + 14. Let l = d + a. What is the units digit of l?
8
Let b(d) = d. Let k be b(1). Suppose w + r + k = 3*w, 3*r = 4*w + 1. Suppose -30 = -w*y + 34. What is the tens digit of y?
3
Let r be -3 + (2 - -2) + 5. Suppose 4*y - 2 + r = 0. Let d(b) = -43*b**3 - 2*b - 1. What is the units digit of d(y)?
4
Let x(y) = -34*y**3 - 6*y - 1. Let a be x(-2). Let u = -58 + a. What is the hundreds digit of u?
2
Let i be (-36)/(-6) - (-2 - 0). Let f be -2*6*i/(-16). Suppose f*a = 4*a + 4*j + 6, 5*j + 2 = 2*a. What is the units digit of a?
1
Suppose -2470 = -21*f - 5*f. What is the units digit of f?
5
Let p(y) = -y**3 - 13*y**2 - 13*y - 3. Let b = -2 - -1. Let d(a) = -13*a**2 + 1. Let g be d(b). What is the units digit of p(g)?
9
Let p = 2938 + -774. What is the thousands digit of p?
2
Let t(k) = -14*k**2 - 6*k + 5. Let n be t(1). Let s(a) = -7*a + 83. What is the hundreds digit of s(n)?
1
Let m = -94 + 807. What is the tens digit of m?
1
Suppose -n + 3*n - 4 = 0. Suppose -5*o = -2*i + 585, 263 = -n*o - 6*i + i. Let d = o - -173. What is the units digit of d?
4
Suppose -5*b - 20 = -10*b. Suppose b*y - 521 - 679 = 0. What is the units digit of y?
0
Suppose -m + 48 = u - 16, m - 49 = 4*u. Let s = 96 - m. What is the units digit of s?
5
Let r(q) = 20*q**2 + 22*q - 20. Let f be (0 - 2) + -22 + 7. Let i(p) = 7*p**2 + 7*p - 7. Let k(x) = f*i(x) + 6*r(x). What is the units digit of k(-14)?
3
What is the units digit of 925*((-124)/(-180) + (-6)/(-54))?
0
Let f be 352/(-36) - (-4)/(-18). Let s(p) = p**3 + 10*p**2 + 4*p + 4. Let u be s(f). Let q = u - -67. What is the tens digit of q?
3
Suppose 2*s + 14784 = 4*c - 394, -2*c - 6*s + 7610 = 0. What is the units digit of c?
6
Let i = 58 - 8. Let n = -26 + i. What is the units digit of n?
4
Suppose 0 = 5*c - 14*m + 10*m - 1283, 15 = 5*m. What is the tens digit of c?
5
Let w = 1292 + -891. Suppose y = -5*o + w, -2*o - 5*y + y + 164 = 0. What is the units digit of o?
0
What is the thousands digit of (-16884)/(-14) + 15 + -5?
1
Let p = 2411 - -1722. What is the tens digit of p?
3
What is the hundreds digit of (-191 + 4)*(1 + -2) - 3?
1
Let i be (1 - -1)/(6/51). Let v = i + -18. Let d(u) = 4*u**2 - 1. What is the units digit of d(v)?
3
Let m(u) = 19*u + 3*u**2 - 2*u - 9*u - 4*u**2. What is the units digit of m(4)?
6
Suppose v - 36 = 5*v. Let l(r) = 4*r**2 - 2*r**2 - 4 + 3 - 10 +